 What is w(-1)?
-13
Suppose 6*c + 356 = 344. Let n(i) be the second derivative of -3*i + 1/12*i**4 - i**2 + 0 - 1/6*i**3. Give n(c).
4
Let c(l) = -6*l - 3. Let j be c(-1). Let t(f) be the third derivative of f**5/60 - f**4/8 + f**3/2 - 4*f**2. What is t(j)?
3
Let k(f) = f**3 + 2*f**2 + 2*f + 1. Let i be 4 + (-52)/9 - (-8)/(-36). Calculate k(i).
-3
Let u(h) = -2*h - 16. Suppose -16*a + 19*a = -24. Determine u(a).
0
Suppose 2*x - 14 = -2. Suppose 2 - x = -2*y. Let j(z) = 6*z**y - 2*z**2 + 1 - z**2 - 2*z - z**2. Give j(1).
1
Let l(m) = 3*m - 1. Let y(g) = -g**2 - 20*g + 20. Let w be y(-21). What is l(w)?
-4
Let o(x) = -9 + x + 4 + 4 + 14. Let t be o(7). Let p = t - 24. Let s(v) = -v - 1. Determine s(p).
3
Let j = 49 - 46. Suppose -4*y = j*m + 1, -2*m = -y + 2*m - 24. Let k(n) = n + 1. Calculate k(y).
-3
Suppose -4*g + 3*p + 89 = -2*p, -33 = -3*g - 3*p. Suppose 0*i = -8*i + g. Let j(s) = s - 4. Let u(f) = f - 5. Let m(d) = 4*j(d) - 3*u(d). Give m(i).
1
Let a(j) be the second derivative of -j**7/2520 + j**6/720 + j**5/60 - 4*j**4/3 - 16*j. Let u(s) be the third derivative of a(s). What is u(3)?
-4
Suppose 5 = -9*l + 14*l. Let y(o) = o**3 + 3*o - l + 11 - 11 + 6*o**2. Suppose -2*f = 2*f + 20. Determine y(f).
9
Let n(t) = t**3 - t**2 - t - 4. Suppose 3*a - 10 = -1. Suppose 0*d - d + a = 0. Let w be d/6*(1 + -1). What is n(w)?
-4
Let j(r) be the third derivative of -1/6*r**3 + 0*r - 1/60*r**5 - 1/6*r**4 + 0 - 24*r**2 + 1/120*r**6. Give j(3).
5
Suppose 2*m = 2*d + 2, m - 24 = -5*d + 1. Suppose y + 3*s + 13 + 1 = 0, -s + 17 = -d*y. Let k(x) = -x**3 - 6*x**2 - 6*x + 6. What is k(y)?
11
Let p(r) = 1 - 10 - 3*r - 2*r**2 + 13 + r**3. Let u(t) = -t**2 - 6*t - 3. Let y be u(-5). Suppose -4*n = 4*o + o - 22, 0 = -y*n - 3*o + 12. What is p(n)?
4
Let b(y) = y**2 - 5*y + 2*y**2 - 2*y**2 - 5 + 7. Let q(n) = -n**2 - 2*n + 7. Let d be q(-3). Give b(d).
-2
Let y(i) be the third derivative of -i**4/4 + i**3 - 48*i**2. What is y(3)?
-12
Let t(v) = -8*v - 96. Let y be t(-12). Let l(a) = a**3 + a**2 - 14. Determine l(y).
-14
Let o(b) = -3*b - 2. Let c(s) = -26*s**2 + 9*s**2 + 17*s - 2*s**3 + s**3 - 2 - 12. Let z be c(-18). Calculate o(z).
-14
Let k(x) = 7*x - 11. Let o(s) = -30*s + 45. Let z(h) = -21*k(h) - 5*o(h). Determine z(-2).
0
Let p(k) be the first derivative of -3*k**2/2 - 5*k + 301. Let n = -3 - 3. What is p(n)?
13
Let f(z) = z - 3. Let l(q) = -2*q + 7. Let c(s) = -7*f(s) - 3*l(s). Let x = -49 + 55. Let o be (-1 + 4)*(-10)/x. Give c(o).
5
Let b be ((-1)/3)/(2/(-12)). Let h(d) = -d + 0*d**2 + d**3 + 0 - b*d**2 + 4 + d**2. Calculate h(0).
4
Let z(g) = g**2 - 8*g - 2. Let o(k) = k**3 + 6*k**2 - k + 2. Let u be o(-6). Let j be z(u). Let n be 1/(j/4*-1). Let x(v) = -v**2 - v + 1. Calculate x(n).
-5
Suppose -l - 12 = -47. Let s = l + -38. Let u(h) = -2*h + 3. Give u(s).
9
Suppose 121 = -9*g + 40. Let x(h) = h + 3. Calculate x(g).
-6
Let h(g) be the third derivative of -g**7/840 + g**6/360 - g**5/60 + 6*g**3 + 41*g**2. Let t(c) be the first derivative of h(c). Give t(-2).
16
Let n(u) be the third derivative of -1/6*u**4 - 1/360*u**6 + 1/20*u**5 - 5/3*u**3 + 0*u - 12*u**2 + 0. Let b(s) be the first derivative of n(s). Give b(4).
4
Let t(s) = 1. Let m(q) = -q + 5. Let u(y) = -m(y) + 4*t(y). Let g(z) = 4*z - 2. Suppose 10 = 5*i - 5. Let d(b) = i*u(b) - g(b). Give d(5).
-6
Let m(v) be the third derivative of -v**6/60 - v**5/20 - v**4/6 - v**3/3 + 7*v**2 - v. Determine m(-2).
10
Let c(k) = 78 - 81 - 2*k + 4*k. Calculate c(2).
1
Let r(g) = -14*g + 47*g - 10*g + 3*g**2 + 3 + g**3 - 18*g. Calculate r(-4).
-33
Suppose h - f - 19 = 0, 5*h - 4*f - 13 = 78. Let t = 15 - h. Let b(d) = -9 + t*d + 0*d - d**2 + d + 6*d. Give b(6).
-3
Let r(q) be the second derivative of q**3/2 + 3*q**2 - 22*q + 3. Give r(6).
24
Suppose 2*b = -2*b + 12. Let z(h) = 4*h**2 - 4*h + 1. Determine z(b).
25
Suppose -4*j - 4 = -h, 0*h + 2*j = -3*h + 12. Suppose -h = -2*k, 5*v - 3*v + 4*k = 2. Let f(p) = -2*p - 5. Let c be f(v). Let o(n) = n**2 - n. Calculate o(c).
0
Let j(m) = 2*m**2 - 3*m + 1. Let s be (-1 + (1 - -3))*2/6. Determine j(s).
0
Suppose -4*m - z = 18, -2*m + 5*z = -4*m. Let v(c) = -7*c - 17. Let g(q) = 3*q + 9. Let j(o) = -5*g(o) - 3*v(o). What is j(m)?
-24
Let b(k) = k**2 + 4*k - 6. Let z(s) = s**2 - 10*s - 19. Let f be z(13). Suppose 3*u + 0*q - q = -16, 5*u + 5*q + f = 0. Give b(u).
-1
Suppose -n + 10 = 4*n. Let b = 8 - 6. Let f(d) = -1 + 2*d + 2*d**2 - 3*d**2 + 0*d**b. Determine f(n).
-1
Suppose 2 = -3*c + 11. Let t(m) = -2*m + 13. Let p be t(c). Let z(g) = -g**3 + 7*g**2 - 3*g + 4. Give z(p).
-17
Let s(z) be the first derivative of -z**2/2 + 3*z + 1. Let c(o) = 4*o + 25. Let b be (-30)/4*((-8)/(-12))/1. Let u be c(b). Give s(u).
-2
Let b(l) = 3 + 2 - 2*l + 1 + 5*l**2 + 5 - 4 - l**3. Give b(5).
-3
Let c(f) = -f**2 + f + 1. Let v(k) = -k**2 + 7*k + 7. Let w(z) = -4*c(z) + v(z). Suppose 2*n = -20 + 16. Give w(n).
9
Suppose s = n - 0 - 2, -s - 10 = -5*n. Let p(g) = 30 + g + s*g - 33. Let b(m) = 61*m + 66. Let u be b(-1). Determine p(u).
2
Let o(m) be the first derivative of 2*m**3/3 + 2*m**2 - m + 48. What is o(3)?
29
Let j(k) = -7*k - 3. Let p(g) = -7*g - 4. Let x(h) = -3*j(h) + 2*p(h). Determine x(1).
8
Let u = 13 + -8. Let f(m) = -u*m - 6 + 9*m + 0*m - m. Give f(4).
6
Let k(y) = -4*y + 4*y - 6 + y**2. Suppose 3*f + l = 0, -8*f + 3*f = -5*l. Let r be k(f). Let h(j) = j**3 + 6*j**2 - j - 8. What is h(r)?
-2
Let m(j) = 2*j - 6. Let i be 3/((-22)/55 - (-14)/10). Let v(f) = -5*f + 18. Let q(w) = i*v(w) + 8*m(w). Give q(-5).
1
Let j = 60 - 64. Let r(l) be the second derivative of l**5/20 + l**4/3 - 2*l**2 - 20*l. Give r(j).
-4
Let u = -10 - -4. Let d(z) = 2*z**3 + 4*z - 5*z**3 + 2*z**3 - 1 - 5*z**2. What is d(u)?
11
Suppose 0 = 5*u - 51 + 41. Let c(j) = 3*j + 4 - 5*j + j + u*j. Let d(v) = -v**2 + 2*v - 1. Let p be d(1). Give c(p).
4
Let p(h) = 4*h + 2. Let k(w) = -14*w - 3. Let s(t) = 3*k(t) + 10*p(t). Calculate s(8).
-5
Let q(c) = 10*c + 242. Let j be q(-24). Let y(x) = x**3 - 5*x**2 + 6*x + 1. Determine y(j).
1
Let z(h) = 2*h**3 + 17*h**2 + 8*h - 1. Let x be z(-8). Let l(n) = 20*n**2 + n. Determine l(x).
19
Let u be 5/(-10) + 9/18. Let i(d) = -d**2 + 5. Determine i(u).
5
Let a(p) = 2*p**3 + 6*p**2 + p + 1. Let g be 10/20 + (-18)/4. Give a(g).
-35
Let x = -1345 + 8081/6. Let v(b) be the third derivative of 0*b - 1/60*b**5 + 0 + 12*b**2 - 1/24*b**4 - x*b**3. What is v(0)?
-11
Let v(o) be the second derivative of -1/12*o**4 - 5/2*o**2 - 2/3*o**3 + 0 + o. Calculate v(-4).
-5
Suppose -21*y - 20 = -25*y. Suppose -i = -y*i + 32. Let s(p) = -p + 13. What is s(i)?
5
Suppose -2*k - 7*k = -5*k. Let a(m) be the first derivative of 0*m**2 - 1/3*m**3 + 2 + 4*m. Determine a(k).
4
Let s be 72/(-20) - (-4)/(-10). Let u(k) = -2*k - 1. Determine u(s).
7
Suppose -m - 2*m = 0. Let j(z) be the third derivative of 6*z**2 - 1/60*z**5 + z**3 + 0*z + 1/24*z**4 + 0. Determine j(m).
6
Let o(m) = -m**2 - 4*m - 1. Let r(d) = -d**2 + 0*d**2 - 5*d - d**2. Let t(k) = -3*o(k) + 2*r(k). Let j be (-4)/(-2*(-3 - -2)). Calculate t(j).
-5
Let q(b) = b**2 + 2*b - 4. Let v be q(-4). Let p(n) = -v + n - 3*n - n. Let c be (-17 - (-504)/28)/(-2 + (-18)/(-10)). What is p(c)?
11
Let b(t) = 1 + 4 + 9*t + 4*t - 7. What is b(2)?
24
Let w(h) = h**3 + 5*h**2 - 7*h. Let a be 2/((-3)/(-3) + 1). Let p be (1 - 0) + a + -2. Let f(d) = -d**3 - d**2 + d - 6. Let z be f(p). Calculate w(z).
6
Let j = 35 + -33. Let r(g) = 1 - 5*g**2 - 5*g + 4*g**2 + j*g**2. Give r(5).
1
Suppose -3*w + 4*f = -11, -15 = 2*w - 4*w - 5*f. Let l(v) = -v + 2. Calculate l(w).
-3
Let i(l) = -l**3 + 6*l**2 - 2*l + 6. Let c(y) = 5*y**3 - 30*y**2 + 11*y - 31. Let h be (-56)/35*1 - (-2)/(-5). Let o(w) = h*c(w) - 11*i(w). Calculate o(6).
-4
Let r(m) = -9*m**3 - 6*m**2 + m + 12. Let g(o) = 2*o**3 + o**2 - 1. Let f(k) = 5*g(k) + r(k). Determine f(0).
7
Suppose -316 = -w - 313. Let z(j) be the first derivative of -5*j**4/24 + j**3/3 + j**2/2 + 1. Let g(k) be the second derivative of z(k). Determine g(w).
-13
Suppose 25 = -11*o + 3. Let q(b) = -b**3 - 3*b**2 - b + 2. Determine q(o).
0
Let t(j) = j**3 - 3*j**2 - 3*j + 4. Let q = 22 - 13. Suppose -3*p + 0*p + q = 0. Let n be (p + -5)*(-6)/4. Give t(n).
-5
Let j(h) = -h**3 + 8*h**2 - 9*h + 5. Let z be (-2)/9 + (-228)/(-54). Let n(l) = -z 